e
Is 9 a factor of 22454761?
False
Does 7520 divide 1520415706?
False
Is 117601148 a multiple of 116?
True
Is 172004498 a multiple of 99?
False
Does 18 divide 2225484?
True
Does 2667 divide 40274367?
True
Is 2228 a factor of 514333800?
True
Does 802 divide 122505500?
True
Is 67204340 a multiple of 14?
True
Is 122 a factor of 850722313?
False
Is 547 a factor of 87712373?
False
Is 787816799 a multiple of 206?
False
Is 3142294560 a multiple of 108?
True
Is 19130485 a multiple of 43?
True
Is 69 a factor of 173870216?
False
Is 18935932 a multiple of 19?
True
Is 34184000 a multiple of 19?
False
Is 654064115 a multiple of 89?
True
Does 328 divide 71165322?
False
Is 99 a factor of 261017361?
True
Is 41598024 a multiple of 76?
False
Is 26329760 a multiple of 860?
True
Is 2610 a factor of 379039860?
True
Is 361992283 a multiple of 211?
False
Is 2 a factor of 25380291?
False
Is 63123899 a multiple of 10?
False
Is 121 a factor of 1847763?
False
Is 167368979 a multiple of 1422?
False
Does 8 divide 45671448?
True
Is 8 a factor of 570473861?
False
Is 4 a factor of 11101376?
True
Is 139 a factor of 34460639?
False
Is 106339591 a multiple of 325?
False
Is 31758384 a multiple of 16?
True
Is 312768319 a multiple of 21?
False
Does 23 divide 2560843?
True
Does 3281 divide 1342677068?
True
Is 968308224 a multiple of 624?
True
Is 226071351 a multiple of 297?
True
Is 14560359 a multiple of 1409?
False
Does 1277 divide 385396046?
True
Does 43 divide 77371749?
True
Is 15 a factor of 7973049?
False
Is 35794498 a multiple of 544?
False
Is 3746225412 a multiple of 3893?
False
Does 31 divide 294485896?
False
Is 66447157 a multiple of 541?
False
Is 35232687 a multiple of 51?
True
Is 585 a factor of 1136010915?
True
Is 52318593 a multiple of 12?
False
Does 317 divide 1458753044?
False
Is 3953976 a multiple of 377?
True
Does 875 divide 248157875?
True
Is 74 a factor of 37808670?
False
Does 40 divide 150748600?
True
Is 103 a factor of 12508834?
False
Is 1798343942 a multiple of 14?
False
Is 57 a factor of 388455?
True
Does 1317 divide 86417005?
False
Does 333 divide 242011413?
True
Is 36318303 a multiple of 4?
False
Is 1686 a factor of 46511682?
True
Is 60642743 a multiple of 161?
True
Does 10 divide 26848030?
True
Is 13950439 a multiple of 46?
False
Is 197 a factor of 163416921?
False
Is 489713950 a multiple of 2605?
True
Does 483 divide 179123931?
True
Is 12 a factor of 3136519428?
True
Is 49237784 a multiple of 356?
False
Is 37 a factor of 1139485152?
True
Does 22 divide 776058100?
False
Is 123 a factor of 22581324?
True
Does 152 divide 33877051?
False
Does 338 divide 8864559?
False
Is 777 a factor of 12937901?
False
Does 3 divide 5631888?
True
Is 473561 even?
False
Is 133543470 a multiple of 1210?
False
Is 16265879 a multiple of 56?
False
Does 1164 divide 12503688?
True
Does 61 divide 58079808?
True
Is 27 a factor of 97033615?
False
Is 603 a factor of 615671234?
False
Does 518 divide 17617180?
True
Is 476254556 a multiple of 7977?
False
Is 380438 a multiple of 413?
False
Is 191 a factor of 385202115?
True
Does 15 divide 14649030?
True
Does 108 divide 215315172?
True
Is 15619941 a multiple of 41?
False
Does 177 divide 341298348?
False
Is 1684428428 a multiple of 194?
False
Does 17 divide 3716564?
False
Is 105264424 a multiple of 252?
False
Is 8093823 a multiple of 47?
True
Does 136 divide 34111540?
False
Is 265 a factor of 143763286?
False
Is 49098790 a multiple of 23?
True
Is 103076156 a multiple of 4?
True
Is 662 a factor of 449922362?
False
Is 2989 a factor of 53067659?
False
Is 72 a factor of 1697024554?
False
Is 1065 a factor of 103081611?
False
Is 986432636 a multiple of 799?
False
Is 1589182393 a multiple of 161?
False
Is 52066476 a multiple of 11?
True
Is 514 a factor of 92201834?
True
Is 49369068 a multiple of 294?
True
Is 6485194 a multiple of 75?
False
Does 370 divide 435156925?
False
Does 5 divide 34613953?
False
Is 81752595 a multiple of 3?
True
Does 78 divide 325879672?
False
Does 10 divide 4466390?
True
Is 388044179 a multiple of 56?
False
Is 10 a factor of 326701184?
False
Is 8 a factor of 332302686?
False
Does 475 divide 495400519?
False
Does 195 divide 212703855?
True
Does 1437 divide 650195079?
True
Is 175 a factor of 54235309?
False
Is 119583317 a multiple of 53?
True
Is 8 a factor of 62020984?
True
Is 1595 a factor of 492860165?
False
Is 56 a factor of 224503496?
True
Is 37 a factor of 52459266?
True
Is 72493950 a multiple of 25?
True
Is 456 a factor of 1357265666?
False
Is 237 a factor of 58743366?
False
Is 221031392 a multiple of 1037?
False
Is 14815912 a multiple of 759?
False
Does 2385 divide 2366082180?
True
Does 10 divide 25321391?
False
Is 160142531 a multiple of 75?
False
Is 65 a factor of 77320360?
True
Is 33001435 a multiple of 14?
False
Is 16238880 a multiple of 630?
True
Does 148 divide 442492056?
False
Does 115 divide 166564390?
True
Is 2 a factor of 64936257?
False
Is 892407808 a multiple of 8?
True
Is 7970384356 a multiple of 274?
True
Does 66 divide 776042862?
False
Is 647101 a multiple of 7?
True
Is 735 a factor of 216687231?
False
Is 1334 a factor of 881379136?
True
Does 108 divide 28408296?
False
Is 639472483 a multiple of 13?
True
Is 993318586 a multiple of 13?
True
Is 55526931 a multiple of 1188?
False
Is 16386158 a multiple of 4503?
False
Does 49 divide 2640512?
True
Does 561 divide 55242792?
True
Is 78756402 a multiple of 1540?
False
Does 499 divide 57593737?
False
Is 75056795 a multiple of 168?
False
Is 44762840 a multiple of 40?
True
Does 1012 divide 576298984?
False
Is 64 a factor of 314128256?
True
Is 16 a factor of 138053105?
False
Is 23045922 a multiple of 151?
True
Does 3461 divide 41881561?
True
Does 7 divide 196520758?
True
Does 413 divide 238069720?
True
Is 24236781 a multiple of 18?
False
Is 94226497 a multiple of 101?
False
Is 2632438904 a multiple of 124?
True
Is 6679610 a multiple of 46?
False
Does 1678 divide 163694523?
False
Is 7368 a factor of 15360487?
False
Is 6 a factor of 16818018?
True
Does 8746 divide 1577005032?
False
Does 1296 divide 2924017056?
True
Does 3906 divide 2825810360?
False
Is 29829804 a multiple of 2920?
False
Is 175406235 a multiple of 14?
False
Does 631 divide 19940862?
True
Does 90 divide 129808337?
False
Is 239093176 a multiple of 28?
True
Is 20188477 a multiple of 15?
False
Is 501 a factor of 796975269?
True
Does 7 divide 8567482?
True
Does 1827 divide 126866880?
True
Is 93 a factor of 40402819?
False
Does 74 divide 156404920?
True
Is 1705 a factor of 424807570?
True
Is 81573368 a multiple of 34?
False
Is 11384200 a multiple of 10?
True
Is 32 a factor of 327261824?
True
Is 2208588474 a multiple of 393?
True
Is 725 a factor of 27383250?
True
Is 7 a factor of 217217315?
True
Is 59023886 a multiple of 587?
False
Is 15423713 a multiple of 79?
False
Is 12 a factor of 1836079584?
True
Is 17744328 a multiple of 684?
True
Is 39234819 a multiple of 126?
False
Is 321941842 a multiple of 16?
False
Is 3236424383 a multiple of 367?
False
Is 17622312 a multiple of 4?
True
Does 3541 divide 16979095?
True
Does 2476 divide 1053025468?
True
Does 20 divide 2911564480?
True
Is 563 a factor of 774912751?
False
Is 301 a factor of 278039720?
True
Is 58 a factor of 385551578?
True
Is 242091304 a multiple of 52?
True
Is 2345 a factor of 25984945?
True
Is 16311456 a multiple of 72?
True
Is 5 a factor of 379548247?
False
Does 5470 divide 96687720?
True
Is 3608 a factor of 192621502?
False
Is 4135483 a multiple of 517?
True
Is 13 a factor of 15421739?
False
Is 18 a factor of 26273790?
True
Is 69270126 a multiple of 1384?
False
Is 2172909300 a multiple of 1542?
True
Is 35 a factor of 18269790?
True
Does 20 divide 170733476?
False
Is 100176909 a multiple of 619?
False
Does 322 divide 4675118?
True
Is 2982343 a multiple of 91?
True
Is 498 a factor of 62537571?
False
Is 54 a factor of 120474216?
True
Is 9 a factor of 224458?
False
Does 45 divide 1646762623?
False
Does 265 divide 8217120?
True
Does 234 divide 32771423?
False
Is 2422 a factor of 284781182?
True
Is 1389020084 a multiple of 6?
False
Is 202010134 a multiple of 1036?
False
Is 7188662 a multiple of 33?
False
Does 20 divide 688406680?
True
Is 2619817564 a multiple of 12669?
False
Is 674952908 a multiple of 28?
True
Does 570 divide 854261812?
False
Does 5 di